103.92.43.62 - - [23/Nov/2022:01:55:55 -0800] "GET /wp-content/plugins/elementor/readme.txt HTTP/1.1" 404 88 "-" "Mozilla/5.0 (Windows NT 6.3; WOW64) AppleWebKit/537.36 (KHTML, like Gecko) Chrome/41.0.2225.0 Safari/537.36" "www.firstdecisionrealty.net"
114.119.132.73 - - [23/Nov/2022:02:00:03 -0800] "GET /wp-includes/css/media-views-rtl.min.css HTTP/1.1" 200 7688 "http://www.firstdecisionrealty.net/wp-includes/css/?C=D%3BO%3DA" "Mozilla/5.0 (Linux; Android 7.0;) AppleWebKit/537.36 (KHTML, like Gecko) Mobile Safari/537.36 (compatible; PetalBot;+https://webmaster.petalsearch.com/site/petalbot)" "www.firstdecisionrealty.net"
17.121.112.200 - - [23/Nov/2022:02:03:03 -0800] "GET /wp-includes/class-wp-site.php HTTP/1.1" 200 - "-" "Mozilla/5.0 (Macintosh; Intel Mac OS X 10_15_5) AppleWebKit/605.1.15 (KHTML, like Gecko) Version/13.1.1 Safari/605.1.15 (Applebot/0.1; +http://www.apple.com/go/applebot)" "www.firstdecisionrealty.net"
51.222.253.13 - - [23/Nov/2022:02:04:12 -0800] "GET /wp-includes/css/dist/block-library/?C=D;O=A HTTP/1.1" 200 513 "-" "Mozilla/5.0 (compatible; AhrefsBot/7.0; +http://ahrefs.com/robot/)" "www.firstdecisionrealty.net"
114.119.132.85 - - [23/Nov/2022:02:05:05 -0800] "GET /wp-includes/theme-compat/embed.php HTTP/1.1" 500 - "http://www.firstdecisionrealty.net/wp-includes/theme-compat/?C=S%3BO%3DA" "Mozilla/5.0 (Linux; Android 7.0;) AppleWebKit/537.36 (KHTML, like Gecko) Mobile Safari/537.36 (compatible; PetalBot;+https://webmaster.petalsearch.com/site/petalbot)" "www.firstdecisionrealty.net"
114.119.132.85 - - [23/Nov/2022:02:10:05 -0800] "GET /wp-includes/post-template.php HTTP/1.1" 200 - "http://www.firstdecisionrealty.net/wp-includes/?C=M%3BO%3DA" "Mozilla/5.0 (Linux; Android 7.0;) AppleWebKit/537.36 (KHTML, like Gecko) Mobile Safari/537.36 (compatible; PetalBot;+https://webmaster.petalsearch.com/site/petalbot)" "www.firstdecisionrealty.net"
114.119.132.73 - - [23/Nov/2022:02:15:06 -0800] "GET /wp-includes/images/ HTTP/1.1" 200 802 "http://www.firstdecisionrealty.net/wp-includes/images/crystal/" "Mozilla/5.0 (Linux; Android 7.0;) AppleWebKit/537.36 (KHTML, like Gecko) Mobile Safari/537.36 (compatible; PetalBot;+https://webmaster.petalsearch.com/site/petalbot)" "www.firstdecisionrealty.net"
81.24.118.146 - - [23/Nov/2022:02:17:13 -0800] "GET / HTTP/1.1" 200 2810 "http://www.firstdecisionrealty.net/" "Mozilla/5.0 (Windows NT 10.0; Win64; x64) AppleWebKit/537.36 (KHTML, like Gecko) Chrome/90.0.4430.72 Safari/537.36 Edg/90.0.818.39" "www.firstdecisionrealty.net"
114.119.132.88 - - [23/Nov/2022:02:20:08 -0800] "GET /wp-includes/sodium_compat/src/Core32/X25519.php HTTP/1.1" 500 - "http://www.firstdecisionrealty.net/wp-includes/sodium_compat/src/Core32/" "Mozilla/5.0 (Linux; Android 7.0;) AppleWebKit/537.36 (KHTML, like Gecko) Mobile Safari/537.36 (compatible; PetalBot;+https://webmaster.petalsearch.com/site/petalbot)" "www.firstdecisionrealty.net"
51.222.253.16 - - [23/Nov/2022:02:20:48 -0800] "GET /wp-includes_old/sodium_compat/?C=S;O=A HTTP/1.1" 200 473 "-" "Mozilla/5.0 (compatible; AhrefsBot/7.0; +http://ahrefs.com/robot/)" "www.firstdecisionrealty.net"
114.119.132.85 - - [23/Nov/2022:02:25:09 -0800] "GET /wp-includes_old/js/media-audiovideo.min.js HTTP/1.1" 200 3552 "https://www.firstdecisionrealty.net/wp-includes_old/js/" "Mozilla/5.0 (Linux; Android 7.0;) AppleWebKit/537.36 (KHTML, like Gecko) Mobile Safari/537.36 (compatible; PetalBot;+https://webmaster.petalsearch.com/site/petalbot)" "www.firstdecisionrealty.net"
51.222.253.3 - - [23/Nov/2022:02:28:55 -0800] "GET /wp-includes_old/js/tinymce/plugins/colorpicker/?C=M;O=A HTTP/1.1" 200 413 "-" "Mozilla/5.0 (compatible; AhrefsBot/7.0; +http://ahrefs.com/robot/)" "www.firstdecisionrealty.net"
114.119.152.134 - - [23/Nov/2022:02:30:15 -0800] "GET /wp-includes_old/js/customize-base.min.js HTTP/1.1" 200 2522 "https://www.firstdecisionrealty.net/wp-includes_old/js/?C=N%3BO%3DD" "Mozilla/5.0 (Linux; Android 7.0;) AppleWebKit/537.36 (KHTML, like Gecko) Mobile Safari/537.36 (compatible; PetalBot;+https://webmaster.petalsearch.com/site/petalbot)" "www.firstdecisionrealty.net"
51.222.253.18 - - [23/Nov/2022:02:32:57 -0800] "GET /wp-includes/js/tinymce/skins/?C=M;O=A HTTP/1.1" 200 391 "-" "Mozilla/5.0 (compatible; AhrefsBot/7.0; +http://ahrefs.com/robot/)" "www.firstdecisionrealty.net"
114.119.132.88 - - [23/Nov/2022:02:35:15 -0800] "GET /wp-includes/widgets/class-wp-widget-pages.php HTTP/1.1" 500 - "http://www.firstdecisionrealty.net/wp-includes/widgets/?C=M%3BO%3DA" "Mozilla/5.0 (Linux; Android 7.0;) AppleWebKit/537.36 (KHTML, like Gecko) Mobile Safari/537.36 (compatible; PetalBot;+https://webmaster.petalsearch.com/site/petalbot)" "www.firstdecisionrealty.net"
51.222.253.16 - - [23/Nov/2022:02:37:21 -0800] "GET /wp-includes/js/tinymce/skins/?C=S;O=A HTTP/1.1" 200 391 "-" "Mozilla/5.0 (compatible; AhrefsBot/7.0; +http://ahrefs.com/robot/)" "www.firstdecisionrealty.net"
51.222.253.1 - - [23/Nov/2022:02:39:19 -0800] "GET /wp-includes_old/sodium_compat/src/Core/ChaCha20/?C=N;O=A HTTP/1.1" 200 417 "-" "Mozilla/5.0 (compatible; AhrefsBot/7.0; +http://ahrefs.com/robot/)" "www.firstdecisionrealty.net"
114.119.152.134 - - [23/Nov/2022:02:40:18 -0800] "GET /wp-includes_old/js/dist/annotations.min.js HTTP/1.1" 200 3574 "https://www.firstdecisionrealty.net/wp-includes_old/js/dist/?C=S%3BO%3DA" "Mozilla/5.0 (Linux; Android 7.0;) AppleWebKit/537.36 (KHTML, like Gecko) Mobile Safari/537.36 (compatible; PetalBot;+https://webmaster.petalsearch.com/site/petalbot)" "www.firstdecisionrealty.net"
51.222.253.16 - - [23/Nov/2022:02:41:29 -0800] "GET /wp-includes/css/dist/format-library/?C=M;O=A HTTP/1.1" 200 426 "-" "Mozilla/5.0 (compatible; AhrefsBot/7.0; +http://ahrefs.com/robot/)" "www.firstdecisionrealty.net"
114.119.132.9 - - [23/Nov/2022:02:45:20 -0800] "GET /wp-includes/SimplePie/Decode/HTML/?C=D%3BO%3DA HTTP/1.1" 200 390 "http://www.firstdecisionrealty.net/wp-includes/SimplePie/Decode/HTML/?C=N%3BO%3DD" "Mozilla/5.0 (Linux; Android 7.0;) AppleWebKit/537.36 (KHTML, like Gecko) Mobile Safari/537.36 (compatible; PetalBot;+https://webmaster.petalsearch.com/site/petalbot)" "www.firstdecisionrealty.net"
51.222.253.12 - - [23/Nov/2022:02:45:52 -0800] "GET /wp-includes_old/theme-compat/embed-404.php HTTP/1.1" 200 52 "-" "Mozilla/5.0 (compatible; AhrefsBot/7.0; +http://ahrefs.com/robot/)" "www.firstdecisionrealty.net"
17.121.114.144 - - [23/Nov/2022:02:48:43 -0800] "GET /wp-includes/class-wp-network-query.php HTTP/1.1" 200 - "-" "Mozilla/5.0 (Macintosh; Intel Mac OS X 10_15_5) AppleWebKit/605.1.15 (KHTML, like Gecko) Version/13.1.1 Safari/605.1.15 (Applebot/0.1; +http://www.apple.com/go/applebot)" "www.firstdecisionrealty.net"
51.222.253.15 - - [23/Nov/2022:02:50:13 -0800] "GET /wp-includes_old/rest-api/fields/class-wp-rest-meta-fields.php HTTP/1.1" 200 - "-" "Mozilla/5.0 (compatible; AhrefsBot/7.0; +http://ahrefs.com/robot/)" "www.firstdecisionrealty.net"
114.119.132.85 - - [23/Nov/2022:02:50:28 -0800] "GET /wp-includes_old/ID3/module.audio.ac3.php HTTP/1.1" 500 - "https://www.firstdecisionrealty.net/wp-includes_old/ID3/?C=N%3BO%3DD" "Mozilla/5.0 (Linux; Android 7.0;) AppleWebKit/537.36 (KHTML, like Gecko) Mobile Safari/537.36 (compatible; PetalBot;+https://webmaster.petalsearch.com/site/petalbot)" "www.firstdecisionrealty.net"
51.222.253.15 - - [23/Nov/2022:02:54:51 -0800] "GET /wp-includes/SimplePie/Content/Type/?C=D;O=A HTTP/1.1" 200 392 "-" "Mozilla/5.0 (compatible; AhrefsBot/7.0; +http://ahrefs.com/robot/)" "www.firstdecisionrealty.net"
114.119.132.135 - - [23/Nov/2022:02:55:21 -0800] "GET /wp-includes/js/tinymce/plugins/compat3x/css/?C=S%3BO%3DA HTTP/1.1" 200 390 "https://www.firstdecisionrealty.net/wp-includes/js/tinymce/plugins/compat3x/css/" "Mozilla/5.0 (Linux; Android 7.0;) AppleWebKit/537.36 (KHTML, like Gecko) Mobile Safari/537.36 (compatible; PetalBot;+https://webmaster.petalsearch.com/site/petalbot)" "www.firstdecisionrealty.net"
51.222.253.9 - - [23/Nov/2022:02:59:09 -0800] "GET /wp-includes/rest-api/search/ HTTP/1.1" 200 420 "-" "Mozilla/5.0 (compatible; AhrefsBot/7.0; +http://ahrefs.com/robot/)" "www.firstdecisionrealty.net"
114.119.132.9 - - [23/Nov/2022:03:00:32 -0800] "GET /wp-includes_old/sodium_compat/src/Core/Curve25519/Ge/P1p1.php HTTP/1.1" 200 - "https://www.firstdecisionrealty.net/wp-includes_old/sodium_compat/src/Core/Curve25519/Ge/?C=D%3BO%3DA" "Mozilla/5.0 (Linux; Android 7.0;) AppleWebKit/537.36 (KHTML, like Gecko) Mobile Safari/537.36 (compatible; PetalBot;+https://webmaster.petalsearch.com/site/petalbot)" "www.firstdecisionrealty.net"
51.222.253.11 - - [23/Nov/2022:03:03:33 -0800] "GET /wp-includes/js/tinymce/ HTTP/1.1" 200 546 "-" "Mozilla/5.0 (compatible; AhrefsBot/7.0; +http://ahrefs.com/robot/)" "www.firstdecisionrealty.net"
114.119.132.85 - - [23/Nov/2022:03:05:31 -0800] "GET /wp-includes_old/SimplePie/Locator.php HTTP/1.1" 200 - "https://www.firstdecisionrealty.net/wp-includes_old/SimplePie/?C=D%3BO%3DA" "Mozilla/5.0 (Linux; Android 7.0;) AppleWebKit/537.36 (KHTML, like Gecko) Mobile Safari/537.36 (compatible; PetalBot;+https://webmaster.petalsearch.com/site/petalbot)" "www.firstdecisionrealty.net"
51.222.253.9 - - [23/Nov/2022:03:08:02 -0800] "GET /wp-includes/SimplePie/Content/Type/?C=M;O=A HTTP/1.1" 200 392 "-" "Mozilla/5.0 (compatible; AhrefsBot/7.0; +http://ahrefs.com/robot/)" "www.firstdecisionrealty.net"
114.119.152.134 - - [23/Nov/2022:03:10:35 -0800] "GET /wp-includes/js/tinymce/skins/lightgray/img/?C=M%3BO%3DA HTTP/1.1" 200 444 "https://www.firstdecisionrealty.net/wp-includes/js/tinymce/skins/lightgray/img/?C=S%3BO%3DA" "Mozilla/5.0 (Linux; Android 7.0;) AppleWebKit/537.36 (KHTML, like Gecko) Mobile Safari/537.36 (compatible; PetalBot;+https://webmaster.petalsearch.com/site/petalbot)" "www.firstdecisionrealty.net"
51.222.253.20 - - [23/Nov/2022:03:12:40 -0800] "GET /wp-includes_old/js/tinymce/langs/ HTTP/1.1" 200 388 "-" "Mozilla/5.0 (compatible; AhrefsBot/7.0; +http://ahrefs.com/robot/)" "www.firstdecisionrealty.net"
114.119.132.85 - - [23/Nov/2022:03:15:36 -0800] "GET /wp-includes/customize/class-wp-customize-nav-menu-name-control.php HTTP/1.1" 500 - "http://www.firstdecisionrealty.net/wp-includes/customize/" "Mozilla/5.0 (Linux; Android 7.0;) AppleWebKit/537.36 (KHTML, like Gecko) Mobile Safari/537.36 (compatible; PetalBot;+https://webmaster.petalsearch.com/site/petalbot)" "www.firstdecisionrealty.net"
51.222.253.20 - - [23/Nov/2022:03:17:30 -0800] "GET /wp-includes/SimplePie/Content/Type/?C=S;O=A HTTP/1.1" 200 392 "-" "Mozilla/5.0 (compatible; AhrefsBot/7.0; +http://ahrefs.com/robot/)" "www.firstdecisionrealty.net"
51.222.253.2 - - [23/Nov/2022:03:21:40 -0800] "GET /wp-includes_old/js/tinymce/themes/?C=N;O=A HTTP/1.1" 200 386 "-" "Mozilla/5.0 (compatible; AhrefsBot/7.0; +http://ahrefs.com/robot/)" "www.firstdecisionrealty.net"
114.119.152.134 - - [23/Nov/2022:03:25:43 -0800] "GET /wp-includes/js/tinymce/skins/lightgray/img/?C=S%3BO%3DA HTTP/1.1" 200 444 "https://www.firstdecisionrealty.net/wp-includes/js/tinymce/skins/lightgray/img/?C=N%3BO%3DD" "Mozilla/5.0 (Linux; Android 7.0;) AppleWebKit/537.36 (KHTML, like Gecko) Mobile Safari/537.36 (compatible; PetalBot;+https://webmaster.petalsearch.com/site/petalbot)" "www.firstdecisionrealty.net"
114.119.152.134 - - [23/Nov/2022:03:30:49 -0800] "GET /wp-includes_old/js/wp-api.js HTTP/1.1" 200 10815 "https://www.firstdecisionrealty.net/wp-includes_old/js/?C=N%3BO%3DD" "Mozilla/5.0 (Linux; Android 7.0;) AppleWebKit/537.36 (KHTML, like Gecko) Mobile Safari/537.36 (compatible; PetalBot;+https://webmaster.petalsearch.com/site/petalbot)" "www.firstdecisionrealty.net"
51.222.253.10 - - [23/Nov/2022:03:34:20 -0800] "GET /wp-includes/js/tinymce/plugins/directionality/?C=D;O=A HTTP/1.1" 200 410 "-" "Mozilla/5.0 (compatible; AhrefsBot/7.0; +http://ahrefs.com/robot/)" "www.firstdecisionrealty.net"
114.119.132.88 - - [23/Nov/2022:03:35:50 -0800] "GET /wp-includes_old/sodium_compat/src/Core32/Util.php HTTP/1.1" 500 - "https://www.firstdecisionrealty.net/wp-includes_old/sodium_compat/src/Core32/?C=N%3BO%3DD" "Mozilla/5.0 (Linux; Android 7.0;) AppleWebKit/537.36 (KHTML, like Gecko) Mobile Safari/537.36 (compatible; PetalBot;+https://webmaster.petalsearch.com/site/petalbot)" "www.firstdecisionrealty.net"
51.222.253.12 - - [23/Nov/2022:03:36:48 -0800] "GET /wp-includes_old/js/tinymce/themes/modern/?C=S;O=A HTTP/1.1" 200 410 "-" "Mozilla/5.0 (compatible; AhrefsBot/7.0; +http://ahrefs.com/robot/)" "www.firstdecisionrealty.net"
51.222.253.9 - - [23/Nov/2022:03:39:31 -0800] "GET /wp-includes_old/js/tinymce/themes/modern/?C=D;O=A HTTP/1.1" 200 411 "-" "Mozilla/5.0 (compatible; AhrefsBot/7.0; +http://ahrefs.com/robot/)" "www.firstdecisionrealty.net"
114.119.132.73 - - [23/Nov/2022:03:40:53 -0800] "GET /wp-includes_old/class-http.php HTTP/1.1" 500 - "https://www.firstdecisionrealty.net/wp-includes_old/" "Mozilla/5.0 (Linux; Android 7.0;) AppleWebKit/537.36 (KHTML, like Gecko) Mobile Safari/537.36 (compatible; PetalBot;+https://webmaster.petalsearch.com/site/petalbot)" "www.firstdecisionrealty.net"
51.222.253.3 - - [23/Nov/2022:03:41:53 -0800] "GET /wp-includes_old/js/tinymce/plugins/wpemoji/?C=N;O=A HTTP/1.1" 200 408 "-" "Mozilla/5.0 (compatible; AhrefsBot/7.0; +http://ahrefs.com/robot/)" "www.firstdecisionrealty.net"
51.222.253.11 - - [23/Nov/2022:03:44:22 -0800] "GET /wp-includes_old/sodium_compat/src/Core/?C=S;O=A HTTP/1.1" 200 615 "-" "Mozilla/5.0 (compatible; AhrefsBot/7.0; +http://ahrefs.com/robot/)" "www.firstdecisionrealty.net"
114.119.152.134 - - [23/Nov/2022:03:45:59 -0800] "GET /wp-includes/js/clipboard.js HTTP/1.1" 200 6707 "https://www.firstdecisionrealty.net/wp-includes/js/?C=S%3BO%3DA" "Mozilla/5.0 (Linux; Android 7.0;) AppleWebKit/537.36 (KHTML, like Gecko) Mobile Safari/537.36 (compatible; PetalBot;+https://webmaster.petalsearch.com/site/petalbot)" "www.firstdecisionrealty.net"
51.222.253.6 - - [23/Nov/2022:03:49:10 -0800] "GET /wp-includes/js/tinymce/plugins/tabfocus/?C=M;O=A HTTP/1.1" 200 405 "-" "Mozilla/5.0 (compatible; AhrefsBot/7.0; +http://ahrefs.com/robot/)" "www.firstdecisionrealty.net"
114.119.152.134 - - [23/Nov/2022:03:51:05 -0800] "GET /wp-includes_old/js/dist/vendor/react.min.js HTTP/1.1" 200 4887 "https://www.firstdecisionrealty.net/wp-includes_old/js/dist/vendor/?C=N%3BO%3DD" "Mozilla/5.0 (Linux; Android 7.0;) AppleWebKit/537.36 (KHTML, like Gecko) Mobile Safari/537.36 (compatible; PetalBot;+https://webmaster.petalsearch.com/site/petalbot)" "www.firstdecisionrealty.net"
51.222.253.19 - - [23/Nov/2022:03:53:59 -0800] "GET /wp-includes/js/tinymce/plugins/tabfocus/?C=D;O=A HTTP/1.1" 200 406 "-" "Mozilla/5.0 (compatible; AhrefsBot/7.0; +http://ahrefs.com/robot/)" "www.firstdecisionrealty.net"
114.119.152.134 - - [23/Nov/2022:03:56:08 -0800] "GET /?C=M%3BO%3DA HTTP/1.1" 200 689 "http://www.firstdecisionrealty.net/" "Mozilla/5.0 (Linux; Android 7.0;) AppleWebKit/537.36 (KHTML, like Gecko) Mobile Safari/537.36 (compatible; PetalBot;+https://webmaster.petalsearch.com/site/petalbot)" "www.firstdecisionrealty.net"
51.222.253.14 - - [23/Nov/2022:03:58:34 -0800] "GET /wp-includes_old/random_compat/?C=N;O=A HTTP/1.1" 200 557 "-" "Mozilla/5.0 (compatible; AhrefsBot/7.0; +http://ahrefs.com/robot/)" "www.firstdecisionrealty.net"
114.119.132.85 - - [23/Nov/2022:04:01:14 -0800] "GET /wp-includes/css/dist/block-library/editor.min.css HTTP/1.1" 200 5658 "https://www.firstdecisionrealty.net/wp-includes/css/dist/block-library/?C=D%3BO%3DA" "Mozilla/5.0 (Linux; Android 7.0;) AppleWebKit/537.36 (KHTML, like Gecko) Mobile Safari/537.36 (compatible; PetalBot;+https://webmaster.petalsearch.com/site/petalbot)" "www.firstdecisionrealty.net"
51.222.253.4 - - [23/Nov/2022:04:03:01 -0800] "GET /wp-includes/sodium_compat/src/Core/Curve25519/Ge/ HTTP/1.1" 200 457 "-" "Mozilla/5.0 (compatible; AhrefsBot/7.0; +http://ahrefs.com/robot/)" "www.firstdecisionrealty.net"
114.119.132.73 - - [23/Nov/2022:04:06:16 -0800] "GET /wp-includes/IXR/class-IXR-server.php HTTP/1.1" 200 - "http://www.firstdecisionrealty.net/wp-includes/IXR/?C=M%3BO%3DA" "Mozilla/5.0 (Linux; Android 7.0;) AppleWebKit/537.36 (KHTML, like Gecko) Mobile Safari/537.36 (compatible; PetalBot;+https://webmaster.petalsearch.com/site/petalbot)" "www.firstdecisionrealty.net"
51.222.253.3 - - [23/Nov/2022:04:07:50 -0800] "GET /?C=S;O=D HTTP/1.1" 200 666 "-" "Mozilla/5.0 (compatible; AhrefsBot/7.0; +http://ahrefs.com/robot/)" "www.firstdecisionrealty.net"
114.119.132.88 - - [23/Nov/2022:04:11:17 -0800] "GET /wp-includes_old/class-wp-locale.php HTTP/1.1" 200 - "https://www.firstdecisionrealty.net/wp-includes_old/" "Mozilla/5.0 (Linux; Android 7.0;) AppleWebKit/537.36 (KHTML, like Gecko) Mobile Safari/537.36 (compatible; PetalBot;+https://webmaster.petalsearch.com/site/petalbot)" "www.firstdecisionrealty.net"
51.222.253.17 - - [23/Nov/2022:04:12:28 -0800] "GET /wp-includes_old/css/ HTTP/1.1" 200 863 "-" "Mozilla/5.0 (compatible; AhrefsBot/7.0; +http://ahrefs.com/robot/)" "www.firstdecisionrealty.net"
114.119.132.73 - - [23/Nov/2022:04:16:18 -0800] "GET /wp-includes/js/wp-auth-check.js HTTP/1.1" 200 1626 "https://www.firstdecisionrealty.net/wp-includes/js/?C=S%3BO%3DA" "Mozilla/5.0 (Linux; Android 7.0;) AppleWebKit/537.36 (KHTML, like Gecko) Mobile Safari/537.36 (compatible; PetalBot;+https://webmaster.petalsearch.com/site/petalbot)" "www.firstdecisionrealty.net"
51.222.253.9 - - [23/Nov/2022:04:17:14 -0800] "GET /wp-includes/js/tinymce/themes/ HTTP/1.1" 200 382 "-" "Mozilla/5.0 (compatible; AhrefsBot/7.0; +http://ahrefs.com/robot/)" "www.firstdecisionrealty.net"
114.119.132.88 - - [23/Nov/2022:04:21:18 -0800] "GET /wp-includes/js/dist/block-serialization-default-parser.js HTTP/1.1" 200 5112 "https://www.firstdecisionrealty.net/wp-includes/js/dist/?C=M%3BO%3DA" "Mozilla/5.0 (Linux; Android 7.0;) AppleWebKit/537.36 (KHTML, like Gecko) Mobile Safari/537.36 (compatible; PetalBot;+https://webmaster.petalsearch.com/site/petalbot)" "www.firstdecisionrealty.net"
51.222.253.4 - - [23/Nov/2022:04:21:29 -0800] "GET /wp-includes/images/smilies/?C=N;O=A HTTP/1.1" 200 743 "-" "Mozilla/5.0 (compatible; AhrefsBot/7.0; +http://ahrefs.com/robot/)" "www.firstdecisionrealty.net"
51.222.253.1 - - [23/Nov/2022:04:25:36 -0800] "GET /wp-includes/css/dist/list-reusable-blocks/?C=S;O=A HTTP/1.1" 200 430 "-" "Mozilla/5.0 (compatible; AhrefsBot/7.0; +http://ahrefs.com/robot/)" "www.firstdecisionrealty.net"
114.119.152.134 - - [23/Nov/2022:04:26:16 -0800] "GET /wp-includes_old/class-wp-embed.php HTTP/1.1" 200 - "https://www.firstdecisionrealty.net/wp-includes_old/" "Mozilla/5.0 (Linux; Android 7.0;) AppleWebKit/537.36 (KHTML, like Gecko) Mobile Safari/537.36 (compatible; PetalBot;+https://webmaster.petalsearch.com/site/petalbot)" "www.firstdecisionrealty.net"
51.222.253.1 - - [23/Nov/2022:04:29:41 -0800] "GET /wp-includes_old/sodium_compat/namespaced/Core/Curve25519/ HTTP/1.1" 200 439 "-" "Mozilla/5.0 (compatible; AhrefsBot/7.0; +http://ahrefs.com/robot/)" "www.firstdecisionrealty.net"
17.121.113.42 - - [23/Nov/2022:04:29:46 -0800] "GET /wp-includes_old/functions.wp-scripts.php HTTP/1.1" 200 - "-" "Mozilla/5.0 (Macintosh; Intel Mac OS X 10_15_5) AppleWebKit/605.1.15 (KHTML, like Gecko) Version/13.1.1 Safari/605.1.15 (Applebot/0.1; +http://www.apple.com/go/applebot)" "www.firstdecisionrealty.net"
114.119.152.134 - - [23/Nov/2022:04:31:17 -0800] "GET /wp-includes_old/css/dist/format-library/style.min.css HTTP/1.1" 200 276 "https://www.firstdecisionrealty.net/wp-includes_old/css/dist/format-library/?C=S%3BO%3DA" "Mozilla/5.0 (Linux; Android 7.0;) AppleWebKit/537.36 (KHTML, like Gecko) Mobile Safari/537.36 (compatible; PetalBot;+https://webmaster.petalsearch.com/site/petalbot)" "www.firstdecisionrealty.net"
51.222.253.11 - - [23/Nov/2022:04:31:36 -0800] "GET /wp-includes/Requests/Exception/HTTP/?C=D;O=A HTTP/1.1" 200 703 "-" "Mozilla/5.0 (compatible; AhrefsBot/7.0; +http://ahrefs.com/robot/)" "www.firstdecisionrealty.net"
51.222.253.6 - - [23/Nov/2022:04:32:55 -0800] "GET /wp-includes_old/js/jquery/ui/?C=M;O=D HTTP/1.1" 200 914 "-" "Mozilla/5.0 (compatible; AhrefsBot/7.0; +http://ahrefs.com/robot/)" "www.firstdecisionrealty.net"
51.222.253.17 - - [23/Nov/2022:04:34:28 -0800] "GET /wp-includes/Requests/Exception/HTTP/?C=M;O=A HTTP/1.1" 200 703 "-" "Mozilla/5.0 (compatible; AhrefsBot/7.0; +http://ahrefs.com/robot/)" "www.firstdecisionrealty.net"
51.222.253.12 - - [23/Nov/2022:04:36:16 -0800] "GET / HTTP/1.1" 200 689 "-" "Mozilla/5.0 (compatible; AhrefsBot/7.0; +http://ahrefs.com/robot/)" "www.firstdecisionrealty.net"
114.119.132.135 - - [23/Nov/2022:04:36:17 -0800] "GET /wp-includes_old/js/tinymce/plugins/wptextpattern/plugin.min.js HTTP/1.1" 200 1424 "https://www.firstdecisionrealty.net/wp-includes_old/js/tinymce/plugins/wptextpattern/" "Mozilla/5.0 (Linux; Android 7.0;) AppleWebKit/537.36 (KHTML, like Gecko) Mobile Safari/537.36 (compatible; PetalBot;+https://webmaster.petalsearch.com/site/petalbot)" "www.firstdecisionrealty.net"
51.222.253.5 - - [23/Nov/2022:04:38:28 -0800] "GET /wp-includes/SimplePie/Content/Type/?C=N;O=A HTTP/1.1" 200 392 "-" "Mozilla/5.0 (compatible; AhrefsBot/7.0; +http://ahrefs.com/robot/)" "www.firstdecisionrealty.net"
51.222.253.18 - - [23/Nov/2022:04:39:27 -0800] "GET /wp-includes/js/tinymce/skins/?C=S;O=D HTTP/1.1" 200 389 "-" "Mozilla/5.0 (compatible; AhrefsBot/7.0; +http://ahrefs.com/robot/)" "www.firstdecisionrealty.net"
51.222.253.7 - - [23/Nov/2022:04:40:16 -0800] "GET /wp-includes/SimplePie/Content/Type/?C=S;O=D HTTP/1.1" 200 391 "-" "Mozilla/5.0 (compatible; AhrefsBot/7.0; +http://ahrefs.com/robot/)" "www.firstdecisionrealty.net"
114.119.152.134 - - [23/Nov/2022:04:41:17 -0800] "GET /wp-includes/css/customize-preview.css HTTP/1.1" 200 1080 "http://www.firstdecisionrealty.net/wp-includes/css/?C=D%3BO%3DA" "Mozilla/5.0 (Linux; Android 7.0;) AppleWebKit/537.36 (KHTML, like Gecko) Mobile Safari/537.36 (compatible; PetalBot;+https://webmaster.petalsearch.com/site/petalbot)" "www.firstdecisionrealty.net"
51.222.253.17 - - [23/Nov/2022:04:41:57 -0800] "GET /wp-includes/SimplePie/Content/Type/?C=M;O=D HTTP/1.1" 200 391 "-" "Mozilla/5.0 (compatible; AhrefsBot/7.0; +http://ahrefs.com/robot/)" "www.firstdecisionrealty.net"
51.222.253.10 - - [23/Nov/2022:04:45:27 -0800] "GET /wp-includes/Text/Diff/Renderer/?C=S;O=A HTTP/1.1" 200 387 "-" "Mozilla/5.0 (compatible; AhrefsBot/7.0; +http://ahrefs.com/robot/)" "www.firstdecisionrealty.net"
114.119.152.134 - - [23/Nov/2022:04:46:17 -0800] "GET /wp-includes/js/imgareaselect/?C=D%3BO%3DA HTTP/1.1" 200 475 "https://www.firstdecisionrealty.net/wp-includes/js/imgareaselect/?C=S%3BO%3DA" "Mozilla/5.0 (Linux; Android 7.0;) AppleWebKit/537.36 (KHTML, like Gecko) Mobile Safari/537.36 (compatible; PetalBot;+https://webmaster.petalsearch.com/site/petalbot)" "www.firstdecisionrealty.net"
114.119.132.9 - - [23/Nov/2022:04:51:17 -0800] "GET /wp-includes_old/js/customize-base.js HTTP/1.1" 200 7131 "https://www.firstdecisionrealty.net/wp-includes_old/js/?C=N%3BO%3DD" "Mozilla/5.0 (Linux; Android 7.0;) AppleWebKit/537.36 (KHTML, like Gecko) Mobile Safari/537.36 (compatible; PetalBot;+https://webmaster.petalsearch.com/site/petalbot)" "www.firstdecisionrealty.net"
51.222.253.5 - - [23/Nov/2022:04:52:15 -0800] "GET /wp-includes/Text/Diff/Renderer/?C=D;O=A HTTP/1.1" 200 387 "-" "Mozilla/5.0 (compatible; AhrefsBot/7.0; +http://ahrefs.com/robot/)" "www.firstdecisionrealty.net"
114.119.132.85 - - [23/Nov/2022:04:56:17 -0800] "GET /wp-includes_old/js/mediaelement/mediaelement-migrate.min.js HTTP/1.1" 200 551 "https://www.firstdecisionrealty.net/wp-includes_old/js/mediaelement/" "Mozilla/5.0 (Linux; Android 7.0;) AppleWebKit/537.36 (KHTML, like Gecko) Mobile Safari/537.36 (compatible; PetalBot;+https://webmaster.petalsearch.com/site/petalbot)" "www.firstdecisionrealty.net"
51.222.253.16 - - [23/Nov/2022:04:59:00 -0800] "GET /wp-includes/sodium_compat/src/Core/Curve25519/Fe.php HTTP/1.1" 200 - "-" "Mozilla/5.0 (compatible; AhrefsBot/7.0; +http://ahrefs.com/robot/)" "www.firstdecisionrealty.net"
114.119.132.135 - - [23/Nov/2022:05:01:18 -0800] "GET /wp-includes/js/plupload/wp-plupload.min.js HTTP/1.1" 200 1986 "https://www.firstdecisionrealty.net/wp-includes/js/plupload/?C=S%3BO%3DA" "Mozilla/5.0 (Linux; Android 7.0;) AppleWebKit/537.36 (KHTML, like Gecko) Mobile Safari/537.36 (compatible; PetalBot;+https://webmaster.petalsearch.com/site/petalbot)" "www.firstdecisionrealty.net"
51.222.253.14 - - [23/Nov/2022:05:05:36 -0800] "GET /wp-includes/SimplePie/XML/?C=N;O=D HTTP/1.1" 200 370 "-" "Mozilla/5.0 (compatible; AhrefsBot/7.0; +http://ahrefs.com/robot/)" "www.firstdecisionrealty.net"
114.119.132.73 - - [23/Nov/2022:05:06:17 -0800] "GET /wp-includes/class-wp-image-editor-imagick.php HTTP/1.1" 500 - "http://www.firstdecisionrealty.net/wp-includes/?C=N%3BO%3DD" "Mozilla/5.0 (Linux; Android 7.0;) AppleWebKit/537.36 (KHTML, like Gecko) Mobile Safari/537.36 (compatible; PetalBot;+https://webmaster.petalsearch.com/site/petalbot)" "www.firstdecisionrealty.net"
114.119.132.85 - - [23/Nov/2022:05:11:18 -0800] "GET /wp-includes/ID3/module.tag.lyrics3.php HTTP/1.1" 500 - "https://www.firstdecisionrealty.net/wp-includes/ID3/?C=D%3BO%3DA" "Mozilla/5.0 (Linux; Android 7.0;) AppleWebKit/537.36 (KHTML, like Gecko) Mobile Safari/537.36 (compatible; PetalBot;+https://webmaster.petalsearch.com/site/petalbot)" "www.firstdecisionrealty.net"
51.222.253.5 - - [23/Nov/2022:05:12:18 -0800] "GET /wp-includes_old/js/tinymce/themes/modern/?C=N;O=A HTTP/1.1" 200 411 "-" "Mozilla/5.0 (compatible; AhrefsBot/7.0; +http://ahrefs.com/robot/)" "www.firstdecisionrealty.net"
114.119.132.85 - - [23/Nov/2022:05:16:17 -0800] "GET /wp-includes/css/dist/block-library/editor-rtl.css HTTP/1.1" 200 6717 "https://www.firstdecisionrealty.net/wp-includes/css/dist/block-library/?C=D%3BO%3DA" "Mozilla/5.0 (Linux; Android 7.0;) AppleWebKit/537.36 (KHTML, like Gecko) Mobile Safari/537.36 (compatible; PetalBot;+https://webmaster.petalsearch.com/site/petalbot)" "www.firstdecisionrealty.net"
51.222.253.12 - - [23/Nov/2022:05:18:57 -0800] "GET /wp-includes_old/Text/?C=N;O=D HTTP/1.1" 200 391 "-" "Mozilla/5.0 (compatible; AhrefsBot/7.0; +http://ahrefs.com/robot/)" "www.firstdecisionrealty.net"
114.119.132.9 - - [23/Nov/2022:05:21:17 -0800] "GET /wp-includes_old/css/dist/block-library/theme.css HTTP/1.1" 200 920 "https://www.firstdecisionrealty.net/wp-includes_old/css/dist/block-library/" "Mozilla/5.0 (Linux; Android 7.0;) AppleWebKit/537.36 (KHTML, like Gecko) Mobile Safari/537.36 (compatible; PetalBot;+https://webmaster.petalsearch.com/site/petalbot)" "www.firstdecisionrealty.net"
51.222.253.19 - - [23/Nov/2022:05:25:17 -0800] "GET /wp-includes/sodium_compat/src/Core/Curve25519/ HTTP/1.1" 200 432 "-" "Mozilla/5.0 (compatible; AhrefsBot/7.0; +http://ahrefs.com/robot/)" "www.firstdecisionrealty.net"
114.119.132.85 - - [23/Nov/2022:05:26:19 -0800] "GET /wp-includes/customize/class-wp-customize-nav-menu-item-setting.php HTTP/1.1" 500 - "http://www.firstdecisionrealty.net/wp-includes/customize/" "Mozilla/5.0 (Linux; Android 7.0;) AppleWebKit/537.36 (KHTML, like Gecko) Mobile Safari/537.36 (compatible; PetalBot;+https://webmaster.petalsearch.com/site/petalbot)" "www.firstdecisionrealty.net"
114.119.152.134 - - [23/Nov/2022:05:31:18 -0800] "GET /wp-includes_old/sodium_compat/src/?C=S%3BO%3DA HTTP/1.1" 200 498 "https://www.firstdecisionrealty.net/wp-includes_old/sodium_compat/src/" "Mozilla/5.0 (Linux; Android 7.0;) AppleWebKit/537.36 (KHTML, like Gecko) Mobile Safari/537.36 (compatible; PetalBot;+https://webmaster.petalsearch.com/site/petalbot)" "www.firstdecisionrealty.net"
51.222.253.14 - - [23/Nov/2022:05:32:13 -0800] "GET /wp-includes/Requests/Exception/HTTP/?C=S;O=A HTTP/1.1" 200 705 "-" "Mozilla/5.0 (compatible; AhrefsBot/7.0; +http://ahrefs.com/robot/)" "www.firstdecisionrealty.net"
198.71.235.59 - - [23/Nov/2022:05:32:22 -0800] "POST /deleteme.chaxw5v0.php?n=1&m=4 HTTP/1.1" 404 73 "-" "Installatron Plugin/9.1.58/241" "www.firstdecisionrealty.net"
114.119.132.85 - - [23/Nov/2022:05:36:18 -0800] "GET /wp-includes_old/js/swfupload/handlers.min.js HTTP/1.1" 200 549 "https://www.firstdecisionrealty.net/wp-includes_old/js/swfupload/?C=N%3BO%3DD" "Mozilla/5.0 (Linux; Android 7.0;) AppleWebKit/537.36 (KHTML, like Gecko) Mobile Safari/537.36 (compatible; PetalBot;+https://webmaster.petalsearch.com/site/petalbot)" "www.firstdecisionrealty.net"
51.222.253.3 - - [23/Nov/2022:05:38:52 -0800] "GET /wp-includes_old/js/tinymce/skins/wordpress/ HTTP/1.1" 200 418 "-" "Mozilla/5.0 (compatible; AhrefsBot/7.0; +http://ahrefs.com/robot/)" "www.firstdecisionrealty.net"
114.119.132.9 - - [23/Nov/2022:05:41:18 -0800] "GET /wp-includes/bookmark-template.php HTTP/1.1" 200 - "http://www.firstdecisionrealty.net/wp-includes/?C=N%3BO%3DD" "Mozilla/5.0 (Linux; Android 7.0;) AppleWebKit/537.36 (KHTML, like Gecko) Mobile Safari/537.36 (compatible; PetalBot;+https://webmaster.petalsearch.com/site/petalbot)" "www.firstdecisionrealty.net"
51.222.253.5 - - [23/Nov/2022:05:42:43 -0800] "GET /wp-includes_old/customize/?C=S;O=A HTTP/1.1" 200 844 "-" "Mozilla/5.0 (compatible; AhrefsBot/7.0; +http://ahrefs.com/robot/)" "www.firstdecisionrealty.net"
51.222.253.12 - - [23/Nov/2022:05:44:20 -0800] "GET /wp-includes_old/css/dist/components/?C=D;O=A HTTP/1.1" 200 425 "-" "Mozilla/5.0 (compatible; AhrefsBot/7.0; +http://ahrefs.com/robot/)" "www.firstdecisionrealty.net"
51.222.253.3 - - [23/Nov/2022:05:45:07 -0800] "GET /?C=M;O=D HTTP/1.1" 200 681 "-" "Mozilla/5.0 (compatible; AhrefsBot/7.0; +http://ahrefs.com/robot/)" "www.firstdecisionrealty.net"
51.222.253.16 - - [23/Nov/2022:05:45:59 -0800] "GET /wp-includes_old/js/jquery/?C=D;O=A HTTP/1.1" 200 667 "-" "Mozilla/5.0 (compatible; AhrefsBot/7.0; +http://ahrefs.com/robot/)" "www.firstdecisionrealty.net"
114.119.152.134 - - [23/Nov/2022:05:46:17 -0800] "GET /wp-includes_old/class-walker-page.php HTTP/1.1" 500 - "https://www.firstdecisionrealty.net/wp-includes_old/" "Mozilla/5.0 (Linux; Android 7.0;) AppleWebKit/537.36 (KHTML, like Gecko) Mobile Safari/537.36 (compatible; PetalBot;+https://webmaster.petalsearch.com/site/petalbot)" "www.firstdecisionrealty.net"
51.222.253.11 - - [23/Nov/2022:05:46:46 -0800] "GET /wp-includes_old/sodium_compat/namespaced/?C=D;O=A HTTP/1.1" 200 443 "-" "Mozilla/5.0 (compatible; AhrefsBot/7.0; +http://ahrefs.com/robot/)" "www.firstdecisionrealty.net"
51.222.253.13 - - [23/Nov/2022:05:48:33 -0800] "GET /wp-includes_old/js/jquery/?C=M;O=A HTTP/1.1" 200 663 "-" "Mozilla/5.0 (compatible; AhrefsBot/7.0; +http://ahrefs.com/robot/)" "www.firstdecisionrealty.net"
51.222.253.19 - - [23/Nov/2022:05:50:17 -0800] "GET /wp-includes/js/mediaelement/?C=M;O=A HTTP/1.1" 200 677 "-" "Mozilla/5.0 (compatible; AhrefsBot/7.0; +http://ahrefs.com/robot/)" "www.firstdecisionrealty.net"
114.119.132.85 - - [23/Nov/2022:05:51:20 -0800] "GET /wp-includes_old/Requests/Exception/HTTP/404.php HTTP/1.1" 500 - "https://www.firstdecisionrealty.net/wp-includes_old/Requests/Exception/HTTP/?C=N%3BO%3DD" "Mozilla/5.0 (Linux; Android 7.0;) AppleWebKit/537.36 (KHTML, like Gecko) Mobile Safari/537.36 (compatible; PetalBot;+https://webmaster.petalsearch.com/site/petalbot)" "www.firstdecisionrealty.net"
51.222.253.9 - - [23/Nov/2022:05:53:27 -0800] "GET /wp-includes/SimplePie/Cache/?C=M;O=A HTTP/1.1" 200 453 "-" "Mozilla/5.0 (compatible; AhrefsBot/7.0; +http://ahrefs.com/robot/)" "www.firstdecisionrealty.net"
114.119.132.9 - - [23/Nov/2022:05:56:19 -0800] "GET /wp-includes/js/dist/autop.js HTTP/1.1" 200 5997 "https://www.firstdecisionrealty.net/wp-includes/js/dist/?C=M%3BO%3DA" "Mozilla/5.0 (Linux; Android 7.0;) AppleWebKit/537.36 (KHTML, like Gecko) Mobile Safari/537.36 (compatible; PetalBot;+https://webmaster.petalsearch.com/site/petalbot)" "www.firstdecisionrealty.net"
51.222.253.17 - - [23/Nov/2022:05:56:34 -0800] "GET /wp-includes/SimplePie/Content/Type/?C=D;O=D HTTP/1.1" 200 391 "-" "Mozilla/5.0 (compatible; AhrefsBot/7.0; +http://ahrefs.com/robot/)" "www.firstdecisionrealty.net"
51.222.253.7 - - [23/Nov/2022:06:00:16 -0800] "GET /wp-includes_old/js/dist/?C=N;O=A HTTP/1.1" 200 1483 "-" "Mozilla/5.0 (compatible; AhrefsBot/7.0; +http://ahrefs.com/robot/)" "www.firstdecisionrealty.net"
114.119.132.85 - - [23/Nov/2022:06:01:18 -0800] "GET /wp-includes/js/shortcode.js HTTP/1.1" 200 3516 "https://www.firstdecisionrealty.net/wp-includes/js/?C=S%3BO%3DA" "Mozilla/5.0 (Linux; Android 7.0;) AppleWebKit/537.36 (KHTML, like Gecko) Mobile Safari/537.36 (compatible; PetalBot;+https://webmaster.petalsearch.com/site/petalbot)" "www.firstdecisionrealty.net"
114.119.152.134 - - [23/Nov/2022:06:06:19 -0800] "GET /wp-includes_old/theme-compat/footer.php HTTP/1.1" 500 - "https://www.firstdecisionrealty.net/wp-includes_old/theme-compat/?C=N%3BO%3DD" "Mozilla/5.0 (Linux; Android 7.0;) AppleWebKit/537.36 (KHTML, like Gecko) Mobile Safari/537.36 (compatible; PetalBot;+https://webmaster.petalsearch.com/site/petalbot)" "www.firstdecisionrealty.net"
51.222.253.15 - - [23/Nov/2022:06:06:55 -0800] "GET /wp-includes/css/dist/edit-post/?C=S;O=A HTTP/1.1" 200 422 "-" "Mozilla/5.0 (compatible; AhrefsBot/7.0; +http://ahrefs.com/robot/)" "www.firstdecisionrealty.net"
114.119.132.9 - - [23/Nov/2022:06:11:19 -0800] "GET /wp-includes/css/dist/list-reusable-blocks/?C=N%3BO%3DD HTTP/1.1" 200 433 "https://www.firstdecisionrealty.net/wp-includes/css/dist/list-reusable-blocks/?C=D%3BO%3DA" "Mozilla/5.0 (Linux; Android 7.0;) AppleWebKit/537.36 (KHTML, like Gecko) Mobile Safari/537.36 (compatible; PetalBot;+https://webmaster.petalsearch.com/site/petalbot)" "www.firstdecisionrealty.net"
51.222.253.3 - - [23/Nov/2022:06:15:16 -0800] "GET /wp-includes/sodium_compat/src/Core/Poly1305/?C=M;O=D HTTP/1.1" 200 392 "-" "Mozilla/5.0 (compatible; AhrefsBot/7.0; +http://ahrefs.com/robot/)" "www.firstdecisionrealty.net"
114.119.132.9 - - [23/Nov/2022:06:16:19 -0800] "GET /wp-includes_old/sodium_compat/namespaced/Core/BLAKE2b.php HTTP/1.1" 500 - "https://www.firstdecisionrealty.net/wp-includes_old/sodium_compat/namespaced/Core/?C=M%3BO%3DA" "Mozilla/5.0 (Linux; Android 7.0;) AppleWebKit/537.36 (KHTML, like Gecko) Mobile Safari/537.36 (compatible; PetalBot;+https://webmaster.petalsearch.com/site/petalbot)" "www.firstdecisionrealty.net"
114.119.132.85 - - [23/Nov/2022:06:21:19 -0800] "GET /wp-includes_old/js/wp-emoji-release.min.js HTTP/1.1" 200 4622 "https://www.firstdecisionrealty.net/wp-includes_old/js/" "Mozilla/5.0 (Linux; Android 7.0;) AppleWebKit/537.36 (KHTML, like Gecko) Mobile Safari/537.36 (compatible; PetalBot;+https://webmaster.petalsearch.com/site/petalbot)" "www.firstdecisionrealty.net"
51.222.253.4 - - [23/Nov/2022:06:22:44 -0800] "GET /wp-includes/Requests/Utility/ HTTP/1.1" 200 432 "-" "Mozilla/5.0 (compatible; AhrefsBot/7.0; +http://ahrefs.com/robot/)" "www.firstdecisionrealty.net"
114.119.132.73 - - [23/Nov/2022:06:31:19 -0800] "GET /wp-includes/rest-api/endpoints/class-wp-rest-comments-controller.php HTTP/1.1" 500 - "https://www.firstdecisionrealty.net/wp-includes/rest-api/endpoints/?C=N%3BO%3DD" "Mozilla/5.0 (Linux; Android 7.0;) AppleWebKit/537.36 (KHTML, like Gecko) Mobile Safari/537.36 (compatible; PetalBot;+https://webmaster.petalsearch.com/site/petalbot)" "www.firstdecisionrealty.net"
51.222.253.10 - - [23/Nov/2022:06:35:07 -0800] "GET /wp-includes/Text/Diff/Renderer/inline.php HTTP/1.1" 200 - "-" "Mozilla/5.0 (compatible; AhrefsBot/7.0; +http://ahrefs.com/robot/)" "www.firstdecisionrealty.net"
114.119.132.135 - - [23/Nov/2022:06:36:18 -0800] "GET /wp-includes/update.php HTTP/1.1" 500 - "http://www.firstdecisionrealty.net/wp-includes/?C=M%3BO%3DA" "Mozilla/5.0 (Linux; Android 7.0;) AppleWebKit/537.36 (KHTML, like Gecko) Mobile Safari/537.36 (compatible; PetalBot;+https://webmaster.petalsearch.com/site/petalbot)" "www.firstdecisionrealty.net"
114.119.132.85 - - [23/Nov/2022:06:41:19 -0800] "GET /wp-includes_old/SimplePie/Content/Type/?C=S%3BO%3DA HTTP/1.1" 200 395 "https://www.firstdecisionrealty.net/wp-includes_old/SimplePie/Content/Type/?C=D%3BO%3DA" "Mozilla/5.0 (Linux; Android 7.0;) AppleWebKit/537.36 (KHTML, like Gecko) Mobile Safari/537.36 (compatible; PetalBot;+https://webmaster.petalsearch.com/site/petalbot)" "www.firstdecisionrealty.net"
8.142.64.24 - - [23/Nov/2022:06:42:44 -0800] "HEAD / HTTP/1.1" 200 - "-" "Mozilla/5.0 (linux; u; android 9; zh-cn; v1816a build/pkq1.180819.001) applewebkit/537.36 (khtml, like gecko) version/4.0 chrome/57" "www.firstdecisionrealty.net"
114.119.132.73 - - [23/Nov/2022:06:46:18 -0800] "GET /wp-includes/css/buttons.css HTTP/1.1" 200 2475 "http://www.firstdecisionrealty.net/wp-includes/css/?C=D%3BO%3DA" "Mozilla/5.0 (Linux; Android 7.0;) AppleWebKit/537.36 (KHTML, like Gecko) Mobile Safari/537.36 (compatible; PetalBot;+https://webmaster.petalsearch.com/site/petalbot)" "www.firstdecisionrealty.net"
114.119.132.135 - - [23/Nov/2022:06:51:20 -0800] "GET /wp-includes_old/ID3/module.tag.apetag.php HTTP/1.1" 500 - "https://www.firstdecisionrealty.net/wp-includes_old/ID3/?C=N%3BO%3DD" "Mozilla/5.0 (Linux; Android 7.0;) AppleWebKit/537.36 (KHTML, like Gecko) Mobile Safari/537.36 (compatible; PetalBot;+https://webmaster.petalsearch.com/site/petalbot)" "www.firstdecisionrealty.net"
51.222.253.7 - - [23/Nov/2022:06:52:45 -0800] "GET /wp-includes/Text/Diff/Renderer/?C=N;O=A HTTP/1.1" 200 387 "-" "Mozilla/5.0 (compatible; AhrefsBot/7.0; +http://ahrefs.com/robot/)" "www.firstdecisionrealty.net"
114.119.132.135 - - [23/Nov/2022:06:56:21 -0800] "GET /wp-includes_old/rest-api/?C=D%3BO%3DA HTTP/1.1" 200 483 "https://www.firstdecisionrealty.net/wp-includes_old/rest-api/?C=S%3BO%3DA" "Mozilla/5.0 (Linux; Android 7.0;) AppleWebKit/537.36 (KHTML, like Gecko) Mobile Safari/537.36 (compatible; PetalBot;+https://webmaster.petalsearch.com/site/petalbot)" "www.firstdecisionrealty.net"
114.119.132.9 - - [23/Nov/2022:07:01:19 -0800] "GET /wp-includes_old/js/dist/notices.js HTTP/1.1" 200 11773 "https://www.firstdecisionrealty.net/wp-includes_old/js/dist/?C=S%3BO%3DA" "Mozilla/5.0 (Linux; Android 7.0;) AppleWebKit/537.36 (KHTML, like Gecko) Mobile Safari/537.36 (compatible; PetalBot;+https://webmaster.petalsearch.com/site/petalbot)" "www.firstdecisionrealty.net"
114.119.132.9 - - [23/Nov/2022:07:06:19 -0800] "GET /wp-includes/rest-api/endpoints/class-wp-rest-terms-controller.php HTTP/1.1" 500 - "https://www.firstdecisionrealty.net/wp-includes/rest-api/endpoints/?C=N%3BO%3DD" "Mozilla/5.0 (Linux; Android 7.0;) AppleWebKit/537.36 (KHTML, like Gecko) Mobile Safari/537.36 (compatible; PetalBot;+https://webmaster.petalsearch.com/site/petalbot)" "www.firstdecisionrealty.net"
51.222.253.6 - - [23/Nov/2022:07:08:04 -0800] "GET /wp-includes/js/tinymce/plugins/charmap/?C=N;O=D HTTP/1.1" 200 404 "-" "Mozilla/5.0 (compatible; AhrefsBot/7.0; +http://ahrefs.com/robot/)" "www.firstdecisionrealty.net"
171.22.112.69 - - [23/Nov/2022:07:08:55 -0800] "GET / HTTP/1.1" 200 2810 "www.firstdecisionrealty.net" "Mozilla/5.0 (Windows NT 6.0) AppleWebKit/537.36 (KHTML, like Gecko) Chrome/44.0.2403.157 YaBrowser/15.9.2403.3043 Safari/537.36" "www.firstdecisionrealty.net"
114.119.132.85 - - [23/Nov/2022:07:11:20 -0800] "GET /wp-includes/Text/Diff.php HTTP/1.1" 200 - "https://www.firstdecisionrealty.net/wp-includes/Text/?C=S%3BO%3DA" "Mozilla/5.0 (Linux; Android 7.0;) AppleWebKit/537.36 (KHTML, like Gecko) Mobile Safari/537.36 (compatible; PetalBot;+https://webmaster.petalsearch.com/site/petalbot)" "www.firstdecisionrealty.net"
114.119.132.85 - - [23/Nov/2022:07:16:19 -0800] "GET /wp-includes/random_compat/random_bytes_com_dotnet.php HTTP/1.1" 200 - "http://www.firstdecisionrealty.net/wp-includes/random_compat/?C=M%3BO%3DA" "Mozilla/5.0 (Linux; Android 7.0;) AppleWebKit/537.36 (KHTML, like Gecko) Mobile Safari/537.36 (compatible; PetalBot;+https://webmaster.petalsearch.com/site/petalbot)" "www.firstdecisionrealty.net"
77.88.5.216 - - [23/Nov/2022:07:16:44 -0800] "GET /robots.txt HTTP/1.1" 404 73 "-" "Mozilla/5.0 (compatible; YandexBot/3.0; +http://yandex.com/bots)" "www.firstdecisionrealty.net"
77.88.5.36 - - [23/Nov/2022:07:16:49 -0800] "GET /wp-includes/taxonomy.php HTTP/1.1" 200 - "-" "Mozilla/5.0 (compatible; YandexBot/3.0; +http://yandex.com/bots)" "www.firstdecisionrealty.net"
17.121.112.221 - - [23/Nov/2022:07:17:26 -0800] "GET /wp-includes_old/class-wp-widget.php HTTP/1.1" 200 - "-" "Mozilla/5.0 (Macintosh; Intel Mac OS X 10_15_5) AppleWebKit/605.1.15 (KHTML, like Gecko) Version/13.1.1 Safari/605.1.15 (Applebot/0.1; +http://www.apple.com/go/applebot)" "www.firstdecisionrealty.net"
114.119.132.85 - - [23/Nov/2022:07:21:19 -0800] "GET /wp-includes_old/js/jquery/jquery-migrate.js HTTP/1.1" 200 7813 "https://www.firstdecisionrealty.net/wp-includes_old/js/jquery/?C=M%3BO%3DA" "Mozilla/5.0 (Linux; Android 7.0;) AppleWebKit/537.36 (KHTML, like Gecko) Mobile Safari/537.36 (compatible; PetalBot;+https://webmaster.petalsearch.com/site/petalbot)" "www.firstdecisionrealty.net"
114.119.132.135 - - [23/Nov/2022:07:26:19 -0800] "GET /wp-includes/js/tinymce/plugins/wpgallery/plugin.js HTTP/1.1" 200 1192 "https://www.firstdecisionrealty.net/wp-includes/js/tinymce/plugins/wpgallery/?C=M%3BO%3DA" "Mozilla/5.0 (Linux; Android 7.0;) AppleWebKit/537.36 (KHTML, like Gecko) Mobile Safari/537.36 (compatible; PetalBot;+https://webmaster.petalsearch.com/site/petalbot)" "www.firstdecisionrealty.net"
17.121.112.129 - - [23/Nov/2022:07:30:31 -0800] "GET /wp-includes_old/post-template.php HTTP/1.1" 200 - "-" "Mozilla/5.0 (Macintosh; Intel Mac OS X 10_15_5) AppleWebKit/605.1.15 (KHTML, like Gecko) Version/13.1.1 Safari/605.1.15 (Applebot/0.1; +http://www.apple.com/go/applebot)" "www.firstdecisionrealty.net"
114.119.152.134 - - [23/Nov/2022:07:31:19 -0800] "GET /wp-includes/sodium_compat/src/Core/?C=N%3BO%3DD HTTP/1.1" 200 615 "https://www.firstdecisionrealty.net/wp-includes/sodium_compat/src/Core/" "Mozilla/5.0 (Linux; Android 7.0;) AppleWebKit/537.36 (KHTML, like Gecko) Mobile Safari/537.36 (compatible; PetalBot;+https://webmaster.petalsearch.com/site/petalbot)" "www.firstdecisionrealty.net"
185.190.24.74 - - [23/Nov/2022:07:33:09 -0800] "GET /wp-login.php HTTP/1.1" 404 88 "-" "Mozilla/5.0" "www.firstdecisionrealty.net"
114.119.132.73 - - [23/Nov/2022:07:36:20 -0800] "GET /wp-includes_old/js/tinymce/plugins/wpemoji/plugin.js HTTP/1.1" 200 1298 "https://www.firstdecisionrealty.net/wp-includes_old/js/tinymce/plugins/wpemoji/" "Mozilla/5.0 (Linux; Android 7.0;) AppleWebKit/537.36 (KHTML, like Gecko) Mobile Safari/537.36 (compatible; PetalBot;+https://webmaster.petalsearch.com/site/petalbot)" "www.firstdecisionrealty.net"
114.119.132.135 - - [23/Nov/2022:07:41:20 -0800] "GET /wp-includes_old/sodium_compat/src/Core32/HChaCha20.php HTTP/1.1" 500 - "https://www.firstdecisionrealty.net/wp-includes_old/sodium_compat/src/Core32/?C=N%3BO%3DD" "Mozilla/5.0 (Linux; Android 7.0;) AppleWebKit/537.36 (KHTML, like Gecko) Mobile Safari/537.36 (compatible; PetalBot;+https://webmaster.petalsearch.com/site/petalbot)" "www.firstdecisionrealty.net"
51.222.253.13 - - [23/Nov/2022:07:43:02 -0800] "GET /wp-includes_old/images/smilies/?C=D;O=A HTTP/1.1" 200 748 "-" "Mozilla/5.0 (compatible; AhrefsBot/7.0; +http://ahrefs.com/robot/)" "www.firstdecisionrealty.net"
114.119.132.85 - - [23/Nov/2022:07:46:20 -0800] "GET /wp-includes/js/dist/list-reusable-blocks.js HTTP/1.1" 200 12110 "https://www.firstdecisionrealty.net/wp-includes/js/dist/?C=M%3BO%3DA" "Mozilla/5.0 (Linux; Android 7.0;) AppleWebKit/537.36 (KHTML, like Gecko) Mobile Safari/537.36 (compatible; PetalBot;+https://webmaster.petalsearch.com/site/petalbot)" "www.firstdecisionrealty.net"
114.119.132.85 - - [23/Nov/2022:07:51:20 -0800] "GET /wp-includes_old/js/media-views.js HTTP/1.1" 200 49081 "https://www.firstdecisionrealty.net/wp-includes_old/js/" "Mozilla/5.0 (Linux; Android 7.0;) AppleWebKit/537.36 (KHTML, like Gecko) Mobile Safari/537.36 (compatible; PetalBot;+https://webmaster.petalsearch.com/site/petalbot)" "www.firstdecisionrealty.net"
114.119.152.134 - - [23/Nov/2022:07:56:20 -0800] "GET /wp-includes/blocks.php HTTP/1.1" 200 - "http://www.firstdecisionrealty.net/wp-includes/?C=M%3BO%3DA" "Mozilla/5.0 (Linux; Android 7.0;) AppleWebKit/537.36 (KHTML, like Gecko) Mobile Safari/537.36 (compatible; PetalBot;+https://webmaster.petalsearch.com/site/petalbot)" "www.firstdecisionrealty.net"
114.119.152.134 - - [23/Nov/2022:08:01:21 -0800] "GET /wp-includes/js/tinymce/plugins/hr/?C=S%3BO%3DA HTTP/1.1" 200 402 "https://www.firstdecisionrealty.net/wp-includes/js/tinymce/plugins/hr/?C=M%3BO%3DA" "Mozilla/5.0 (Linux; Android 7.0;) AppleWebKit/537.36 (KHTML, like Gecko) Mobile Safari/537.36 (compatible; PetalBot;+https://webmaster.petalsearch.com/site/petalbot)" "www.firstdecisionrealty.net"
114.119.132.88 - - [23/Nov/2022:08:06:20 -0800] "GET /wp-includes_old/js/tinymce/skins/lightgray/ HTTP/1.1" 200 468 "https://www.firstdecisionrealty.net/wp-includes_old/js/tinymce/skins/lightgray/fonts/?C=N%3BO%3DD" "Mozilla/5.0 (Linux; Android 7.0;) AppleWebKit/537.36 (KHTML, like Gecko) Mobile Safari/537.36 (compatible; PetalBot;+https://webmaster.petalsearch.com/site/petalbot)" "www.firstdecisionrealty.net"
114.119.132.88 - - [23/Nov/2022:08:11:22 -0800] "GET /wp-includes/class-wp-http-curl.php HTTP/1.1" 200 - "http://www.firstdecisionrealty.net/wp-includes/?C=M%3BO%3DA" "Mozilla/5.0 (Linux; Android 7.0;) AppleWebKit/537.36 (KHTML, like Gecko) Mobile Safari/537.36 (compatible; PetalBot;+https://webmaster.petalsearch.com/site/petalbot)" "www.firstdecisionrealty.net"
114.119.132.9 - - [23/Nov/2022:08:16:22 -0800] "GET /wp-includes/css/dist/editor/style.min.css HTTP/1.1" 200 3637 "https://www.firstdecisionrealty.net/wp-includes/css/dist/editor/?C=M%3BO%3DA" "Mozilla/5.0 (Linux; Android 7.0;) AppleWebKit/537.36 (KHTML, like Gecko) Mobile Safari/537.36 (compatible; PetalBot;+https://webmaster.petalsearch.com/site/petalbot)" "www.firstdecisionrealty.net"
51.222.253.12 - - [23/Nov/2022:08:19:03 -0800] "GET /robots.txt HTTP/1.1" 404 88 "-" "Mozilla/5.0 (compatible; AhrefsBot/7.0; +http://ahrefs.com/robot/)" "www.firstdecisionrealty.net"
51.222.253.14 - - [23/Nov/2022:08:19:05 -0800] "GET /wp-includes_old/js/tinymce/plugins/wpautoresize/?C=S;O=A HTTP/1.1" 200 414 "-" "Mozilla/5.0 (compatible; AhrefsBot/7.0; +http://ahrefs.com/robot/)" "www.firstdecisionrealty.net"
114.119.132.88 - - [23/Nov/2022:08:21:22 -0800] "GET /wp-includes_old/customize/?C=S%3BO%3DA HTTP/1.1" 200 828 "https://www.firstdecisionrealty.net/wp-includes_old/customize/?C=M%3BO%3DA" "Mozilla/5.0 (Linux; Android 7.0;) AppleWebKit/537.36 (KHTML, like Gecko) Mobile Safari/537.36 (compatible; PetalBot;+https://webmaster.petalsearch.com/site/petalbot)" "www.firstdecisionrealty.net"
114.119.132.85 - - [23/Nov/2022:08:26:20 -0800] "GET /wp-includes_old/js/api-request.js HTTP/1.1" 200 1120 "https://www.firstdecisionrealty.net/wp-includes_old/js/" "Mozilla/5.0 (Linux; Android 7.0;) AppleWebKit/537.36 (KHTML, like Gecko) Mobile Safari/537.36 (compatible; PetalBot;+https://webmaster.petalsearch.com/site/petalbot)" "www.firstdecisionrealty.net"
114.119.132.73 - - [23/Nov/2022:08:31:22 -0800] "GET /wp-includes/sodium_compat/src/Core32/Poly1305.php HTTP/1.1" 500 - "http://www.firstdecisionrealty.net/wp-includes/sodium_compat/src/Core32/" "Mozilla/5.0 (Linux; Android 7.0;) AppleWebKit/537.36 (KHTML, like Gecko) Mobile Safari/537.36 (compatible; PetalBot;+https://webmaster.petalsearch.com/site/petalbot)" "www.firstdecisionrealty.net"
114.119.132.135 - - [23/Nov/2022:08:36:24 -0800] "GET /wp-includes_old/js/tinymce/plugins/directionality/ HTTP/1.1" 200 414 "https://www.firstdecisionrealty.net/wp-includes_old/js/tinymce/plugins/?C=S%3BO%3DA" "Mozilla/5.0 (Linux; Android 7.0;) AppleWebKit/537.36 (KHTML, like Gecko) Mobile Safari/537.36 (compatible; PetalBot;+https://webmaster.petalsearch.com/site/petalbot)" "www.firstdecisionrealty.net"
34.76.60.68 - - [23/Nov/2022:08:39:01 -0800] "HEAD / HTTP/1.1" 200 - "-" "Apache-HttpClient/4.5.5 (Java/11.0.9)" "www.firstdecisionrealty.net"
114.119.132.88 - - [23/Nov/2022:08:41:20 -0800] "GET /wp-includes/rest-api/fields/class-wp-rest-post-meta-fields.php HTTP/1.1" 500 - "http://www.firstdecisionrealty.net/wp-includes/rest-api/fields/?C=D%3BO%3DA" "Mozilla/5.0 (Linux; Android 7.0;) AppleWebKit/537.36 (KHTML, like Gecko) Mobile Safari/537.36 (compatible; PetalBot;+https://webmaster.petalsearch.com/site/petalbot)" "www.firstdecisionrealty.net"
114.119.152.134 - - [23/Nov/2022:08:46:22 -0800] "GET /wp-includes/SimplePie/HTTP/?C=N%3BO%3DD HTTP/1.1" 200 385 "http://www.firstdecisionrealty.net/wp-includes/SimplePie/HTTP/?C=D%3BO%3DA" "Mozilla/5.0 (Linux; Android 7.0;) AppleWebKit/537.36 (KHTML, like Gecko) Mobile Safari/537.36 (compatible; PetalBot;+https://webmaster.petalsearch.com/site/petalbot)" "www.firstdecisionrealty.net"
51.222.253.7 - - [23/Nov/2022:08:49:05 -0800] "GET /wp-includes/js/tinymce/plugins/wordpress/?C=N;O=A HTTP/1.1" 200 406 "-" "Mozilla/5.0 (compatible; AhrefsBot/7.0; +http://ahrefs.com/robot/)" "www.firstdecisionrealty.net"
114.119.132.73 - - [23/Nov/2022:08:51:21 -0800] "GET /wp-includes/Requests/Exception/HTTP/502.php HTTP/1.1" 500 - "https://www.firstdecisionrealty.net/wp-includes/Requests/Exception/HTTP/" "Mozilla/5.0 (Linux; Android 7.0;) AppleWebKit/537.36 (KHTML, like Gecko) Mobile Safari/537.36 (compatible; PetalBot;+https://webmaster.petalsearch.com/site/petalbot)" "www.firstdecisionrealty.net"
114.119.132.135 - - [23/Nov/2022:08:56:21 -0800] "GET /wp-includes_old/sodium_compat/src/Crypto32.php HTTP/1.1" 200 - "https://www.firstdecisionrealty.net/wp-includes_old/sodium_compat/src/" "Mozilla/5.0 (Linux; Android 7.0;) AppleWebKit/537.36 (KHTML, like Gecko) Mobile Safari/537.36 (compatible; PetalBot;+https://webmaster.petalsearch.com/site/petalbot)" "www.firstdecisionrealty.net"
